{"id":356,"date":"2016-12-09T21:12:27","date_gmt":"2016-12-09T20:12:27","guid":{"rendered":"http:\/\/iesocarcastillo.educacion.navarra.es\/web1\/?page_id=356"},"modified":"2022-09-29T13:35:14","modified_gmt":"2022-09-29T11:35:14","slug":"informacion-sobre-becas","status":"publish","type":"page","link":"https:\/\/iesocarcastillo.educacion.navarra.es\/web1\/informacion-sobre-becas\/","title":{"rendered":"Informaci\u00f3n sobre becas"},"content":{"rendered":"<div class=\"wpb-content-wrapper\"><p>[vc_row full_width=&#8221;stretch_row_content_no_spaces&#8221; css=&#8221;.vc_custom_1481313671632{background-color: #f8bd3b !important;}&#8221;][vc_column][vc_custom_heading text=&#8221;Informaci\u00f3n sobre becas&#8221; font_container=&#8221;tag:h1|text_align:center|color:%23ffffff&#8221; google_fonts=&#8221;font_family:Montserrat%3Aregular%2C700|font_style:400%20regular%3A400%3Anormal&#8221;][vc_empty_space height=&#8221;20&#8243;][vc_cta h2=&#8221;Becas alumnado con necesidades espec\u00edficas&#8221; h2_font_container=&#8221;tag:h2|text_align:left&#8221; use_custom_fonts_h2=&#8221;true&#8221; css=&#8221;.vc_custom_1664451311876{background-color: #d8c5b1 !important;background-position: center !important;background-repeat: no-repeat !important;background-size: cover !important;}&#8221;]Se recuerda a todas las familias que el plazo para solicitar las becas del MEC para alumnado con necesidades espec\u00edficas de apoyo educativo finalizar\u00e1 el pr\u00f3ximo 30 de septiembre<\/p>\n<p>Para solicitarlas deben entrar en el siguiente enlace web:<\/p>\n<p><a href=\"http:\/\/www.educacionyfp.gob.es\/servicios-al-ciudadano\/catalogo\/estudiantes\/becas-ayudas\/para-estudiar\/primaria-secundaria\/necesidad-especifica-apoyo-educativo.html\">http:\/\/www.educacionyfp.gob.es\/servicios-al-ciudadano\/catalogo\/estudiantes\/becas-ayudas\/para-estudiar\/primaria-secundaria\/necesidad-especifica-apoyo-educativo.html<\/a><\/p>\n<p style=\"text-align: center;\"><strong>Procedimiento:<\/strong><\/p>\n<ul>\n<li>Solicitantes\u00a0con certificado reconocido de firma electr\u00f3nica: se presentar\u00e1 a trav\u00e9s del registro telem\u00e1tico de este Ministerio, adjuntando un escaneado de los certificados correspondientes.<\/li>\n<li>Solicitantes sin certificado reconocido de firma electr\u00f3nica: imprimir\u00e1n el modelo de solicitud y lo presentar\u00e1n, una vez firmado por todos los miembros de la unidad familiar que deban hacerlo, en el centro educativo en el que vayan a realizar los estudios en el presente curso. La solicitud no se podr\u00e1 tramitar si no se present\u00f3 en el centro de estudios dentro del plazo de presentaci\u00f3n de solicitudes. Dicho centro proporcionar\u00e1 un comprobante sellado al solicitante, que le servir\u00e1 de justificante de haber presentado la solicitud<\/li>\n<\/ul>\n<p>[\/vc_cta][\/vc_column][\/vc_row][vc_row][vc_column][vc_empty_space height=&#8221;50px&#8221;][\/vc_column][\/vc_row][vc_row][vc_column][vc_custom_heading text=&#8221;Informaci\u00f3n sobre gratuidad en libros de texto&#8221; font_container=&#8221;tag:h2|font_size:30|text_align:left|color:%23e0a435&#8243; google_fonts=&#8221;font_family:Montserrat%3Aregular%2C700|font_style:400%20regular%3A400%3Anormal&#8221;][vc_column_text]<a href=\"http:\/\/www.lexnavarra.navarra.es\/detalle.asp?r=29593\">Ley Foral 6\/2008 y el DF 89\/2008<\/a>[\/vc_column_text][\/vc_column][\/vc_row][vc_row][vc_column][vc_empty_space height=&#8221;50px&#8221;][\/vc_column][\/vc_row]<\/p>\n<\/div>","protected":false},"excerpt":{"rendered":"<p>[vc_row full_width=&#8221;stretch_row_content_no_spaces&#8221; css=&#8221;.vc_custom_1481313671632{background-color: #f8bd3b !important;}&#8221;][vc_column][vc_custom_heading text=&#8221;Informaci\u00f3n sobre becas&#8221; font_container=&#8221;tag:h1|text_align:center|color:%23ffffff&#8221; google_fonts=&#8221;font_family:Montserrat%3Aregular%2C700|font_style:400%20regular%3A400%3Anormal&#8221;][vc_empty_space height=&#8221;20&#8243;][vc_cta h2=&#8221;Becas alumnado con necesidades espec\u00edficas&#8221; h2_font_container=&#8221;tag:h2|text_align:left&#8221; use_custom_fonts_h2=&#8221;true&#8221; css=&#8221;.vc_custom_1664451311876{background-color: #d8c5b1 !important;background-position: center !important;background-repeat: no-repeat !important;background-size: cover !important;}&#8221;]Se recuerda a todas las familias que el plazo para solicitar las becas del MEC para alumnado con necesidades espec\u00edficas de apoyo educativo finalizar\u00e1 el pr\u00f3ximo 30 de septiembre&hellip; <a class=\"more-link\" href=\"https:\/\/iesocarcastillo.educacion.navarra.es\/web1\/informacion-sobre-becas\/\">Seguir leyendo <span class=\"screen-reader-text\">Informaci\u00f3n sobre becas<\/span><\/a><\/p>\n","protected":false},"author":1,"featured_media":0,"parent":0,"menu_order":0,"comment_status":"closed","ping_status":"closed","template":"","meta":[],"_links":{"self":[{"href":"https:\/\/iesocarcastillo.educacion.navarra.es\/web1\/wp-json\/wp\/v2\/pages\/356"}],"collection":[{"href":"https:\/\/iesocarcastillo.educacion.navarra.es\/web1\/wp-json\/wp\/v2\/pages"}],"about":[{"href":"https:\/\/iesocarcastillo.educacion.navarra.es\/web1\/wp-json\/wp\/v2\/types\/page"}],"author":[{"embeddable":true,"href":"https:\/\/iesocarcastillo.educacion.navarra.es\/web1\/wp-json\/wp\/v2\/users\/1"}],"replies":[{"embeddable":true,"href":"https:\/\/iesocarcastillo.educacion.navarra.es\/web1\/wp-json\/wp\/v2\/comments?post=356"}],"version-history":[{"count":10,"href":"https:\/\/iesocarcastillo.educacion.navarra.es\/web1\/wp-json\/wp\/v2\/pages\/356\/revisions"}],"predecessor-version":[{"id":2819,"href":"https:\/\/iesocarcastillo.educacion.navarra.es\/web1\/wp-json\/wp\/v2\/pages\/356\/revisions\/2819"}],"wp:attachment":[{"href":"https:\/\/iesocarcastillo.educacion.navarra.es\/web1\/wp-json\/wp\/v2\/media?parent=356"}],"curies":[{"name":"wp","href":"https:\/\/api.w.org\/{rel}","templated":true}]}}

Información sobre becas

<div class="wpb-content-wrapper"><p>[vc_row full_width=&#8221;stretch_row_content_no_spaces&#8221; css=&#8221;.vc_custom_1481313671632{background-color: #f8bd3b !important;}&#8221;][vc_column][vc_custom_heading text=&#8221;Información sobre becas&#8221; font_container=&#8221;tag:h1|text_align:center|color:%23ffffff&#8221; google_fonts=&#8221;font_family:Montserrat%3Aregular%2C700|font_style:400%20regular%3A400%3Anormal&#8221;][vc_empty_space height=&#8221;20&#8243;][vc_cta h2=&#8221;Becas alumnado con necesidades específicas&#8221; h2_font_container=&#8221;tag:h2|text_align:left&#8221; use_custom_fonts_h2=&#8221;true&#8221; css=&#8221;.vc_custom_1664451311876{background-color: #d8c5b1 !important;background-position: center !important;background-repeat: no-repeat !important;background-size: cover !important;}&#8221;]Se recuerda a todas las familias que el plazo para solicitar las becas del MEC para alumnado con necesidades específicas de apoyo educativo finalizará el próximo 30 de septiembre</p>
<p>Para solicitarlas deben entrar en el siguiente enlace web:</p>
<p><a href="http://www.educacionyfp.gob.es/servicios-al-ciudadano/catalogo/estudiantes/becas-ayudas/para-estudiar/primaria-secundaria/necesidad-especifica-apoyo-educativo.html">http://www.educacionyfp.gob.es/servicios-al-ciudadano/catalogo/estudiantes/becas-ayudas/para-estudiar/primaria-secundaria/necesidad-especifica-apoyo-educativo.html</a></p>
<p style="text-align: center;"><strong>Procedimiento:</strong></p>
<ul>
<li>Solicitantes con certificado reconocido de firma electrónica: se presentará a través del registro telemático de este Ministerio, adjuntando un escaneado de los certificados correspondientes.</li>
<li>Solicitantes sin certificado reconocido de firma electrónica: imprimirán el modelo de solicitud y lo presentarán, una vez firmado por todos los miembros de la unidad familiar que deban hacerlo, en el centro educativo en el que vayan a realizar los estudios en el presente curso. La solicitud no se podrá tramitar si no se presentó en el centro de estudios dentro del plazo de presentación de solicitudes. Dicho centro proporcionará un comprobante sellado al solicitante, que le servirá de justificante de haber presentado la solicitud</li>
</ul>
<p>[/vc_cta][/vc_column][/vc_row][vc_row][vc_column][vc_empty_space height=&#8221;50px&#8221;][/vc_column][/vc_row][vc_row][vc_column][vc_custom_heading text=&#8221;Información sobre gratuidad en libros de texto&#8221; font_container=&#8221;tag:h2|font_size:30|text_align:left|color:%23e0a435&#8243; google_fonts=&#8221;font_family:Montserrat%3Aregular%2C700|font_style:400%20regular%3A400%3Anormal&#8221;][vc_column_text]<a href="http://www.lexnavarra.navarra.es/detalle.asp?r=29593">Ley Foral 6/2008 y el DF 89/2008</a>[/vc_column_text][/vc_column][/vc_row][vc_row][vc_column][vc_empty_space height=&#8221;50px&#8221;][/vc_column][/vc_row]</p>
</div>

<p>[vc_row full_width=&#8221;stretch_row_content_no_spaces&#8221; css=&#8221;.vc_custom_1481313671632{background-color: #f8bd3b !important;}&#8221;][vc_column][vc_custom_heading text=&#8221;Información sobre becas&#8221; font_container=&#8221;tag:h1|text_align:center|color:%23ffffff&#8221; google_fonts=&#8221;font_family:Montserrat%3Aregular%2C700|font_style:400%20regular%3A400%3Anormal&#8221;][vc_empty_space height=&#8221;20&#8243;][vc_cta h2=&#8221;Becas alumnado con necesidades específicas&#8221; h2_font_container=&#8221;tag:h2|text_align:left&#8221; use_custom_fonts_h2=&#8221;true&#8221; css=&#8221;.vc_custom_1664451311876{background-color: #d8c5b1 !important;background-position: center !important;background-repeat: no-repeat !important;background-size: cover !important;}&#8221;]Se recuerda a todas las familias que el plazo para solicitar las becas del MEC para alumnado con necesidades específicas de apoyo educativo finalizará el próximo 30 de septiembre&hellip; <a class="more-link" href="https://iesocarcastillo.educacion.navarra.es/web1/informacion-sobre-becas/">Seguir leyendo <span class="screen-reader-text">Información sobre becas</span></a></p>
